 and 7540794.
18
What is the greatest common divisor of 3648 and 90336?
96
Calculate the greatest common divisor of 528 and 902.
22
What is the greatest common factor of 80 and 233608?
8
Calculate the greatest common divisor of 835 and 72144.
167
What is the highest common factor of 730382 and 214?
214
What is the greatest common factor of 3026 and 3298?
34
Calculate the greatest common divisor of 2147 and 36613.
19
Calculate the greatest common divisor of 7866 and 2394.
342
Calculate the highest common factor of 1848 and 1224.
24
Calculate the highest common factor of 359286 and 233.
233
What is the greatest common factor of 7 and 2267419?
7
Calculate the highest common factor of 4480 and 117280.
160
What is the highest common divisor of 233466 and 5126?
466
What is the greatest common divisor of 99 and 3828?
33
Calculate the highest common factor of 52 and 79690.
26
What is the highest common divisor of 20 and 8739880?
20
Calculate the highest common factor of 632 and 86268.
316
Calculate the greatest common divisor of 240 and 59120.
80
Calculate the greatest common factor of 3813144 and 24.
24
What is the greatest common factor of 11 and 1728694?
11
Calculate the highest common divisor of 19652 and 748.
68
Calculate the highest common factor of 2046 and 528.
66
Calculate the greatest common divisor of 66801 and 21.
21
Calculate the greatest common factor of 6146 and 210.
14
What is the highest common factor of 9506 and 12299?
49
Calculate the highest common divisor of 2828 and 3136.
28
What is the highest common divisor of 7 and 676116?
7
Calculate the greatest common divisor of 14805 and 117.
9
What is the highest common factor of 1864 and 528?
8
Calculate the highest common divisor of 325557 and 117.
9
Calculate the highest common factor of 230504 and 144.
8
What is the highest common factor of 918 and 280398?
102
Calculate the highest common factor of 1381768 and 8.
8
What is the greatest common divisor of 1958 and 32218?
178
Calculate the greatest common divisor of 418028 and 52.
52
What is the highest common divisor of 875 and 361025?
175
Calculate the highest common factor of 112 and 8764.
28
Calculate the greatest common divisor of 52 and 226031.
13
What is the greatest common factor of 44 and 14894?
22
What is the greatest common factor of 306772 and 55468?
1132
Calculate the greatest common factor of 3852 and 84516.
12
Calculate the highest common factor of 232855 and 21.
7
What is the highest common divisor of 2839 and 1002?
167
What is the greatest common factor of 328 and 66296?
8
What is the greatest common divisor of 46 and 1022833?
23
What is the greatest common factor of 765 and 4995?
45
Calculate the highest common factor of 115 and 2092609.
23
Calculate the greatest common divisor of 2121 and 475811.
707
What is the greatest common divisor of 170940 and 180?
60
Calculate the greatest common factor of 1634594 and 26.
26
Calculate the greatest common factor of 108 and 54081.
27
What is the greatest common factor of 115 and 11220?
5
What is the greatest common divisor of 44 and 29117?
11
Calculate the highest common divisor of 39450 and 1800.
150
What is the greatest common divisor of 6383 and 741?
13
What is the highest common divisor of 318 and 3750?
6
Calculate the greatest common factor of 984 and 952184.
328
What is the highest common divisor of 2544 and 456?
24
What is the highest common factor of 26878 and 890?
178
What is the highest common factor of 25289 and 1273?
19
Calculate the greatest common factor of 441 and 112.
7
What is the greatest common divisor of 73076 and 12?
4
What is the greatest common divisor of 38 and 676?
2
What is the highest common divisor of 17666 and 256036?
242
What is the greatest common factor of 280737 and 99?
9
Calculate the highest common divisor of 995 and 615905.
995
Calculate the greatest common divisor of 1936 and 407.
11
Calculate the greatest common divisor of 112 and 77.
7
Calculate the highest common divisor of 12156 and 60.
12
Calculate the greatest common factor of 88715 and 5.
5
What is the highest common divisor of 1037459 and 17?
17
What is the greatest common divisor of 15 and 8285?
5
What is the highest common factor of 1230 and 145140?
1230
What is the greatest common divisor of 39 and 113347?
13
Calculate the highest common divisor of 1008 and 24688.
16
What is the greatest common divisor of 1677 and 939679?
559
What is the greatest common divisor of 1914 and 6438?
174
Calculate the highest common factor of 2 and 24410.
2
Calculate the greatest common factor of 5278 and 858.
26
Calculate the greatest common divisor of 50 and 2786.
2
What is the highest common divisor of 208722 and 1806?
258
Calculate the highest common divisor of 1169028 and 21.
21
What is the highest common factor of 1792 and 70912?
256
What is the highest common factor of 1320 and 572?
44
Calculate the greatest common divisor of 5600 and 9688.
56
Calculate the greatest common divisor of 922975 and 50.
25
What is the greatest common factor of 4018 and 147?
49
What is the highest common divisor of 3757 and 5372?
17
Calculate the highest common factor of 748 and 355742.
34
What is the greatest common divisor of 2048 and 52?
4
Calculate the highest common factor of 24430 and 98.
14
What is the highest common factor of 23960 and 200?
40
What is the greatest common divisor of 131223 and 102?
51
What is the highest common divisor of 41635 and 715?
55
What is the highest common factor of 392 and 23629368?
392
Calculate the greatest common factor of 89460 and 3645.
45
What is the highest common divisor of 1035 and 3335?
115
Calculate the highest common factor of 260935 and 115.
115
Calculate the greatest common factor of 328 and 224.
8
Calculate the greatest common factor of 6460 and 4940.
380
What is the greatest common divisor of 1106 and 426?
2
Calculate the highest common factor of 630 and 20520.
90
What is the greatest common factor of 419998 and 18016?
1126
Calculate the highest common divisor of 11040 and 390.
30
Calculate the highest common factor of 69 and 3151.
23
What is the highest common divisor of 39396 and 2604?
84
Calculate the highest common divisor of 83545 and 4851.
539
What is the greatest common divisor of 50 and 655760?
10
Calculate the highest common factor of 17673 and 52471.
137
Calculate the highest common divisor of 283 and 3134225.
283
Calculate the greatest common factor of 12888 and 1224.
72
What is the highest common divisor of 6341 and 10846?
17
What is the greatest common divisor of 5 and 8577?
1
What is the greatest common factor of 43441 and 8?
1
What is the greatest common divisor of 53264 and 1232?
16
Calculate the greatest common divisor of 195 and 10515.
15
What is the highest common divisor of 1890 and 1656?
18
What is the greatest common divisor of 126 and 2528806?
14
Calculate the highest common factor of 248510 and 50.
10
Calculate the highest common factor of 1792 and 7504.
112
Calculate the greatest common divisor of 4707 and 807.
3
What is the highest common divisor of 1849 and 774?
43
Calculate the highest common factor of 742535 and 3062.
1531
What is the highest common divisor of 4710 and 1650?
30
What is the greatest common divisor of 2979 and 351?
9
What is the highest common factor of 1168 and 17812?
292
Calculate the highest common factor of 92 and 102626.
46
What is the greatest common factor of 5795 and 57?
19
What is the greatest common factor of 30 and 2013660?
30
Calculate the highest common divisor of 131383 and 1507.
137
What is the highest common divisor of 7776 and 127?
1
Calculate the greatest common divisor of 3050 and 2900.
50
What is the highest common factor of 2 and 2669752?
2
What is the greatest common factor of 41623 and 3501?
389
What is the highest common factor of 52 and 2012?
4
What is the greatest common factor of 32808 and 192?
24
Calculate the greatest common factor of 975 and 19695.
195
What is the greatest common factor of 22 and 5051508?
22
What is the greatest common factor of 3140420 and 5?
5
What is the greatest common factor of 3281 and 44812?
17
What is the highest common divisor of 6732 and 10252?
44
Calculate the greatest common divisor of 187 and 704.
11
Calculate the highest common factor of 420 and 222572.
28
What i